digit of 497?
9
What is the tens digit of 643?
4
What is the hundreds digit of 18636?
6
What is the thousands digit of 1979?
1
What is the hundreds digit of 73730?
7
What is the thousands digit of 62789?
2
What is the tens digit of 1454?
5
What is the hundreds digit of 549?
5
What is the tens digit of 963?
6
What is the hundreds digit of 17754?
7
What is the tens digit of 39689?
8
What is the ten thousands digit of 75114?
7
What is the thousands digit of 81489?
1
What is the tens digit of 394?
9
What is the units digit of 155?
5
What is the units digit of 326?
6
What is the units digit of 667?
7
What is the ten thousands digit of 28479?
2
What is the hundreds digit of 987?
9
What is the hundreds digit of 1704?
7
What is the tens digit of 12146?
4
What is the units digit of 2997?
7
What is the units digit of 66153?
3
What is the hundreds digit of 8546?
5
What is the units digit of 10534?
4
What is the units digit of 29709?
9
What is the tens digit of 2000?
0
What is the hundreds digit of 345?
3
What is the hundreds digit of 10004?
0
What is the tens digit of 1861?
6
What is the thousands digit of 4187?
4
What is the ten thousands digit of 11463?
1
What is the hundreds digit of 5428?
4
What is the units digit of 988?
8
What is the hundreds digit of 23304?
3
What is the units digit of 880?
0
What is the hundreds digit of 11284?
2
What is the thousands digit of 6966?
6
What is the tens digit of 2965?
6
What is the units digit of 44126?
6
What is the hundreds digit of 5534?
5
What is the units digit of 5489?
9
What is the hundreds digit of 1940?
9
What is the thousands digit of 22892?
2
What is the tens digit of 183?
8
What is the thousands digit of 43990?
3
What is the tens digit of 2541?
4
What is the tens digit of 1844?
4
What is the tens digit of 581?
8
What is the thousands digit of 1301?
1
What is the ten thousands digit of 53780?
5
What is the thousands digit of 8197?
8
What is the thousands digit of 5532?
5
What is the units digit of 1965?
5
What is the hundreds digit of 5321?
3
What is the units digit of 957?
7
What is the hundreds digit of 8607?
6
What is the hundreds digit of 4503?
5
What is the tens digit of 13627?
2
What is the ten thousands digit of 46631?
4
What is the units digit of 39119?
9
What is the tens digit of 2714?
1
What is the tens digit of 1758?
5
What is the tens digit of 797?
9
What is the units digit of 23709?
9
What is the units digit of 2590?
0
What is the thousands digit of 16498?
6
What is the thousands digit of 6135?
6
What is the hundreds digit of 58155?
1
What is the tens digit of 8503?
0
What is the thousands digit of 57397?
7
What is the thousands digit of 1383?
1
What is the tens digit of 117088?
8
What is the tens digit of 1311?
1
What is the tens digit of 148?
4
What is the units digit of 206?
6
What is the tens digit of 26603?
0
What is the units digit of 11005?
5
What is the ten thousands digit of 49045?
4
What is the hundreds digit of 446?
4
What is the hundreds digit of 9072?
0
What is the thousands digit of 3776?
3
What is the tens digit of 717?
1
What is the thousands digit of 48375?
8
What is the thousands digit of 1100?
1
What is the units digit of 17937?
7
What is the hundreds digit of 19593?
5
What is the tens digit of 285?
8
What is the thousands digit of 2952?
2
What is the ten thousands digit of 46739?
4
What is the thousands digit of 47127?
7
What is the ten thousands digit of 88307?
8
What is the tens digit of 3437?
3
What is the tens digit of 883?
8
What is the ten thousands digit of 24765?
2
What is the units digit of 3269?
9
What is the hundreds digit of 2078?
0
What is the tens digit of 6390?
9
What is the hundreds digit of 77933?
9
What is the hundreds digit of 9675?
6
What is the units digit of 54?
4
What is the thousands digit of 50096?
0
What is the units digit of 79495?
5
What is the thousands digit of 2403?
2
What is the units digit of 18216?
6
What is the tens digit of 1677?
7
What is the units digit of 467?
7
What is the hundreds digit of 541?
5
What is the units digit of 8252?
2
What is the hundreds digit of 263?
2
What is the hundreds digit of 1311?
3
What is the ten thousands digit of 21169?
2
What is the thousands digit of 2917?
2
What is the units digit of 60?
0
What is the thousands digit of 13691?
3
What is the units digit of 19719?
9
What is the units digit of 5703?
3
What is the tens digit of 7813?
1
What is the hundreds digit of 390?
3
What is the hundreds digit of 378?
3
What is the tens digit of 16620?
2
What is the hundreds digit of 823?
8
What is the tens digit of 207?
0
What is the thousands digit of 2105?
2
What is the thousands digit of 63043?
3
What is the units digit of 2556?
6
What is the units digit of 3780?
0
What is the thousands digit of 5846?
5
What is the thousands digit of 2808?
2
What is the tens digit of 2542?
4
What is the tens digit of 1874?
7
What is the hundreds digit of 702?
7
What is the hundreds digit of 1032?
0
What is the tens digit of 83?
8
What is the units digit of 660?
0
What is the hundreds digit of 346?
3
What is the hundreds digit of 2109?
1
What is the ten thousands digit of 21197?
2
What is the units digit of 3927?
7
What is the thousands digit of 8142?
8
What is the units digit of 15753?
3
What is the tens digit of 483?
8
What is the hundreds digit of 714?
7
What is the thousands digit of 7296?
7
What is the units digit of 1682?
2
What is the hundreds digit of 4076?
0
What is the tens digit of 23734?
3
What is the hundreds digit of 297?
2
What is the tens digit of 139?
3
What is the units digit of 1816?
6
What is the hundreds digit of 4913?
9
What is the units digit of 1596?
6
What is the units digit of 1875?
5
What is the hundreds digit of 55431?
4
What is the hundreds digit of 132?
1
What is the hundreds digit of 2829?
8
What is the thousands digit of 1021?
1
What is the units digit of 1326?
6
What is the hundreds digit of 341?
3
What is the tens digit of 24239?
3
What is the hundreds digit of 15375?
3
What is the hundreds digit of 2872?
8
What is the units digit of 12353?
3
What is the thousands digit of 1620?
1
What is the tens digit of 1184?
8
What is the tens digit of 2249?
4
What is the thousands digit of 1409?
1
What is the tens digit of 757?
5
What is the tens digit of 1535?
3
What is the units digit of 6379?
9
What is the hundreds digit of 1329?
3
What is the units digit of 3067?
7
What is the thousands digit of 5256?
5
What is the units digit of 8945?
5
What is the units digit of 653?
3
What is the hundreds digit of 10562?
5
What is the tens digit of 17288?
8
What is the tens digit of 935?
3
What is the ten thousands digit of 13105?
1
What is the ten thousands digit of 97095?
9
What is the thousands digit of 9912?
9
What is the tens digit of 690?
9
What is the thousands digit of 41413?
1
What is the hundred thousands digit of 199107?
1
What is the hundreds digit of 56021?
0
What is the thousands digit of 12240?
2
What is the units digit of 1950?
0
What is the hundreds digit of 20102?
1
What is the hundreds digit of 11525?
5
What is the hundreds digit of 3157?
1
What is the units digit of 15128?
8
What is the tens digit of 47771?
7
What is the units digit of 14524?
4
What is the units digit of 9367?
7
What is the ten thousands digit of 32662?
3
What is the units digit of 952?
2
What is the hundreds digit of 66606?
6
What is the units digit of 3467?
7
What is the units digit of 15072?
2
What is the hundreds digit of 51919?
9
What is the tens digit of 68831?
3
What is the units digit of 2972?
2
What is the units digit of 9636?
6
What is the hundreds digit of 202171?
1
What is the units digit of 14247?
7
What is the ten thousands digit of 11137?
1
What is the hundreds digit of 278?
2
What is the hundreds digit of 5466?
4
What is the thousands digit of 28392?
8
What is the thousands digit of 107233?
7
What is the thousands digit of 1091?
1
What is the thousands digit of 1784?
1
What is the ten thousands digit of 60043?
6
What is the thousands digit of 1088?
1
What is the hundreds digit of 24487?
4
What is the tens digit of 145263?
6
What is the tens digit of 988?
8
What is the tens digit of 46338?
3
What is the tens digit of 12203?
0
What is the tens digit of 22683?
8
What is the hundreds digit of 347?
3
What is the tens d